 4445 and 23219791.
889
Calculate the greatest common divisor of 1200662 and 530.
106
What is the highest common divisor of 381930 and 2784?
174
Calculate the highest common factor of 133890 and 3765.
15
Calculate the greatest common factor of 10779 and 24206041.
3593
Calculate the greatest common divisor of 282 and 8796332.
94
Calculate the highest common divisor of 2295584046 and 161.
161
What is the highest common divisor of 950169 and 759?
33
What is the highest common divisor of 117968 and 871024?
1616
What is the highest common factor of 64 and 782316096?
64
Calculate the greatest common factor of 1380 and 9856650.
690
What is the greatest common divisor of 36737056 and 212?
212
Calculate the highest common factor of 130 and 964570.
10
What is the highest common divisor of 293485 and 2923?
79
Calculate the greatest common divisor of 16500 and 318252.
132
What is the highest common factor of 38 and 183435462?
38
What is the greatest common divisor of 1895 and 1293410?
5
Calculate the greatest common divisor of 1001 and 184123709.
77
Calculate the greatest common factor of 21806685 and 11475.
135
Calculate the highest common factor of 7061688 and 60.
12
Calculate the greatest common factor of 164 and 1290308458.
82
Calculate the highest common divisor of 6328200 and 34626.
1194
Calculate the highest common factor of 2168044 and 1751.
17
Calculate the greatest common divisor of 16294 and 470.
2
What is the highest common divisor of 1331 and 7554448?
11
What is the highest common factor of 2691 and 160839?
207
Calculate the highest common factor of 12701 and 1112803.
977
What is the highest common divisor of 983907 and 8019?
243
Calculate the highest common factor of 17 and 70326212.
17
Calculate the highest common factor of 84 and 1580719.
7
Calculate the greatest common divisor of 10211418 and 630.
126
What is the greatest common factor of 8678210 and 115?
5
Calculate the greatest common factor of 11331136 and 3384.
376
What is the greatest common divisor of 11494954 and 1?
1
What is the highest common divisor of 30 and 105618105?
15
Calculate the highest common factor of 182 and 649238902.
26
Calculate the highest common factor of 20184 and 1962.
6
What is the highest common divisor of 430688 and 123322?
626
Calculate the highest common factor of 542 and 42554.
2
Calculate the greatest common divisor of 72 and 10171152.
72
Calculate the highest common divisor of 257809 and 1399177.
2503
Calculate the highest common factor of 105392 and 112.
112
Calculate the highest common divisor of 135679 and 2739249.
3667
What is the highest common divisor of 74 and 611529155?
37
What is the highest common divisor of 47534 and 4?
2
Calculate the greatest common divisor of 24467 and 374401.
43
What is the greatest common divisor of 64384008 and 600?
24
What is the highest common factor of 34229 and 4589?
13
What is the greatest common factor of 1315965 and 55195?
2905
What is the highest common factor of 28973431 and 4190?
419
Calculate the highest common divisor of 22 and 337068094.
22
Calculate the greatest common divisor of 850208 and 15392.
32
Calculate the greatest common factor of 6696 and 528798.
186
What is the greatest common factor of 492 and 72895827?
123
What is the greatest common divisor of 63294 and 185766?
42
Calculate the highest common factor of 4232685 and 46155.
2715
What is the highest common factor of 60436 and 929044?
116
Calculate the greatest common divisor of 147 and 7933051.
49
Calculate the highest common factor of 136 and 1192669.
17
What is the greatest common divisor of 44 and 46866699?
11
Calculate the highest common divisor of 276289 and 294203.
689
Calculate the highest common factor of 7 and 7556957.
1
What is the greatest common divisor of 27700446 and 204?
102
Calculate the highest common factor of 149224607 and 217.
217
Calculate the highest common factor of 2564 and 245868370.
1282
Calculate the highest common divisor of 82532 and 10885444.
1756
Calculate the greatest common factor of 62406 and 954.
18
Calculate the greatest common factor of 519 and 61258608.
519
Calculate the greatest common factor of 210 and 3124590.
210
Calculate the highest common divisor of 21312 and 4625.
37
Calculate the highest common factor of 368 and 49921304.
8
Calculate the greatest common factor of 293055 and 7095.
15
What is the greatest common divisor of 493 and 4127379?
17
What is the highest common divisor of 32535030 and 855?
285
What is the highest common divisor of 58804524 and 828?
36
What is the greatest common divisor of 972192 and 1920?
96
What is the greatest common factor of 22 and 51718414?
22
Calculate the highest common factor of 63221216 and 64.
32
Calculate the greatest common divisor of 6 and 70732338.
6
Calculate the greatest common factor of 104310 and 29804844.
6954
Calculate the highest common factor of 245 and 3136294.
49
What is the highest common factor of 21653854 and 430?
86
Calculate the highest common factor of 36 and 262563648.
12
What is the greatest common divisor of 3358499 and 2484137?
3389
Calculate the greatest common divisor of 4318 and 219117418.
254
What is the greatest common divisor of 3037209 and 273?
21
Calculate the greatest common factor of 188634 and 66043.
211
What is the highest common divisor of 1258 and 2507508500?
1258
What is the greatest common divisor of 37099 and 224089?
23
What is the greatest common divisor of 132172 and 12629?
173
What is the highest common divisor of 22631 and 23555638?
3233
What is the greatest common factor of 12483 and 1501380?
171
Calculate the highest common factor of 2112 and 8166268.
44
What is the greatest common divisor of 10919280 and 6?
6
Calculate the highest common factor of 41 and 368001199.
41
Calculate the greatest common factor of 111 and 46333472.
37
Calculate the greatest common factor of 9 and 227024388.
9
Calculate the greatest common divisor of 24939 and 1091349.
153
Calculate the highest common divisor of 1623626 and 133.
19
Calculate the highest common divisor of 33804 and 28662036.
3756
Calculate the highest common divisor of 24681960 and 4080.
2040
What is the greatest common divisor of 6594527 and 4270?
61
What is the highest common factor of 149900 and 518900?
100
What is the highest common divisor of 82997639 and 253?
23
Calculate the highest common factor of 20859355 and 8032.
251
Calculate the greatest common divisor of 10496 and 145714.
82
Calculate the highest common divisor of 4436 and 297419383.
1109
Calculate the greatest common divisor of 80856 and 54450.
18
Calculate the greatest common factor of 26925 and 84102930.
5385
What is the greatest common divisor of 63324716 and 434?
14
Calculate the highest common factor of 6456030 and 16454.
866
Calculate the greatest common factor of 14766320 and 14672.
2096
What is the highest common factor of 5271879 and 94203?
3489
What is the greatest common factor of 5642 and 70664314?
434
What is the greatest common divisor of 7595 and 43855?
245
What is the highest common divisor of 8 and 34785853?
1
What is the highest common divisor of 18763 and 2388077?
647
What is the highest common factor of 833 and 8257376?
17
What is the greatest common divisor of 3628199471 and 5473?
5473
Calculate the greatest common factor of 30143 and 59677532.
701
Calculate the greatest common factor of 15270 and 931004265.
7635
What is the greatest common factor of 1833125 and 8000?
125
What is the greatest common divisor of 39862571 and 1673?
1673
What is the greatest common divisor of 265923936 and 864?
288
Calculate the greatest common divisor of 20535930 and 360576.
5634
Calculate the highest common divisor of 49964275 and 17.
17
Calculate the highest common factor of 120 and 110646920.
40
What is the greatest common factor of 76314 and 19434?
474
Calculate the greatest common divisor of 10693687 and 2876.
719
What is the greatest common divisor of 1119285312 and 4497?
4497
Calculate the greatest common factor of 10728 and 7623436.
596
What is the highest common divisor of 262036 and 1163248?
436
What is the highest common factor of 2584 and 1072462?
34
Calculate the highest common divisor of 2498 and 1841980236.
2498
Calculate the greatest common factor of 1365 and 906657843.
273
What is the great